What is the ten thousands digit of 110245?
1
What is the units digit of 64674?
4
What is the ten thousands digit of 12241?
1
What is the thousands digit of 68732?
8
What is the units digit of 5544?
4
What is the units digit of 162511?
1
What is the tens digit of 2398?
9
What is the ten thousands digit of 10462?
1
What is the tens digit of 1622?
2
What is the thousands digit of 1641?
1
What is the tens digit of 12592?
9
What is the thousands digit of 1654?
1
What is the thousands digit of 1188?
1
What is the units digit of 5611?
1
What is the units digit of 3566?
6
What is the units digit of 149265?
5
What is the units digit of 34775?
5
What is the hundreds digit of 2005?
0
What is the tens digit of 4028?
2
What is the hundreds digit of 251?
2
What is the ten thousands digit of 15982?
1
What is the units digit of 100671?
1
What is the thousands digit of 72784?
2
What is the hundreds digit of 7598?
5
What is the tens digit of 3358?
5
What is the units digit of 10134?
4
What is the tens digit of 18623?
2
What is the tens digit of 163?
6
What is the units digit of 7918?
8
What is the tens digit of 143525?
2
What is the tens digit of 5820?
2
What is the hundreds digit of 27505?
5
What is the thousands digit of 16290?
6
What is the tens digit of 1362?
6
What is the units digit of 4251?
1
What is the tens digit of 1513?
1
What is the hundreds digit of 33307?
3
What is the thousands digit of 6446?
6
What is the hundred thousands digit of 141913?
1
What is the tens digit of 23403?
0
What is the tens digit of 1202?
0
What is the hundreds digit of 6058?
0
What is the units digit of 1169?
9
What is the thousands digit of 16706?
6
What is the ten thousands digit of 28360?
2
What is the units digit of 7326?
6
What is the hundreds digit of 336?
3
What is the tens digit of 4896?
9
What is the hundreds digit of 5299?
2
What is the units digit of 2182?
2
What is the thousands digit of 7138?
7
What is the units digit of 93819?
9
What is the ten thousands digit of 10417?
1
What is the units digit of 2180?
0
What is the ten thousands digit of 70886?
7
What is the hundreds digit of 2962?
9
What is the units digit of 60?
0
What is the tens digit of 38670?
7
What is the thousands digit of 52015?
2
What is the hundreds digit of 8322?
3
What is the hundreds digit of 109?
1
What is the hundreds digit of 27941?
9
What is the units digit of 108876?
6
What is the ten thousands digit of 27957?
2
What is the tens digit of 238?
3
What is the hundreds digit of 8190?
1
What is the hundreds digit of 118317?
3
What is the tens digit of 44354?
5
What is the thousands digit of 25486?
5
What is the thousands digit of 3184?
3
What is the units digit of 394?
4
What is the tens digit of 252?
5
What is the tens digit of 6561?
6
What is the units digit of 187848?
8
What is the ten thousands digit of 63679?
6
What is the units digit of 4984?
4
What is the tens digit of 66504?
0
What is the units digit of 1004?
4
What is the units digit of 751?
1
What is the thousands digit of 18101?
8
What is the hundreds digit of 686?
6
What is the thousands digit of 2109?
2
What is the hundreds digit of 109?
1
What is the units digit of 5122?
2
What is the tens digit of 3034?
3
What is the thousands digit of 24294?
4
What is the hundreds digit of 9018?
0
What is the hundreds digit of 8258?
2
What is the tens digit of 1001?
0
What is the tens digit of 1057?
5
What is the tens digit of 1852?
5
What is the tens digit of 32?
3
What is the tens digit of 22042?
4
What is the hundreds digit of 22832?
8
What is the ten thousands digit of 11576?
1
What is the ten thousands digit of 119105?
1
What is the units digit of 6361?
1
What is the units digit of 3315?
5
What is the hundreds digit of 14118?
1
What is the hundreds digit of 8646?
6
What is the thousands digit of 1842?
1
What is the hundreds digit of 172?
1
What is the hundreds digit of 7666?
6
What is the tens digit of 515?
1
What is the units digit of 932?
2
What is the units digit of 6171?
1
What is the hundreds digit of 934?
9
What is the tens digit of 1862?
6
What is the units digit of 1388?
8
What is the units digit of 720?
0
What is the hundreds digit of 31421?
4
What is the thousands digit of 111105?
1
What is the units digit of 8742?
2
What is the units digit of 276?
6
What is the tens digit of 2155?
5
What is the units digit of 310?
0
What is the thousands digit of 7214?
7
What is the thousands digit of 21619?
1
What is the hundreds digit of 1368?
3
What is the hundreds digit of 2215?
2
What is the tens digit of 3438?
3
What is the hundreds digit of 23034?
0
What is the units digit of 19605?
5
What is the hundred thousands digit of 122339?
1
What is the tens digit of 5654?
5
What is the units digit of 28?
8
What is the thousands digit of 3727?
3
What is the hundreds digit of 9770?
7
What is the tens digit of 10939?
3
What is the hundreds digit of 18570?
5
What is the units digit of 2067?
7
What is the thousands digit of 153970?
3
What is the hundreds digit of 946?
9
What is the thousands digit of 2375?
2
What is the units digit of 19880?
0
What is the units digit of 1954?
4
What is the ten thousands digit of 25199?
2
What is the hundreds digit of 2293?
2
What is the thousands digit of 11583?
1
What is the thousands digit of 2689?
2
What is the units digit of 6294?
4
What is the thousands digit of 16902?
6
What is the hundreds digit of 1304?
3
What is the ten thousands digit of 123753?
2
What is the units digit of 1022?
2
What is the thousands digit of 7634?
7
What is the hundreds digit of 7408?
4
What is the ten thousands digit of 15551?
1
What is the tens digit of 1452?
5
What is the tens digit of 161085?
8
What is the thousands digit of 23617?
3
What is the tens digit of 2941?
4
What is the units digit of 762?
2
What is the units digit of 128?
8
What is the thousands digit of 5746?
5
What is the thousands digit of 34659?
4
What is the hundreds digit of 73269?
2
What is the hundred thousands digit of 132945?
1
What is the tens digit of 19685?
8
What is the thousands digit of 43086?
3
What is the units digit of 11064?
4
What is the units digit of 577?
7
What is the thousands digit of 21315?
1
What is the thousands digit of 1331?
1
What is the tens digit of 13237?
3
What is the hundreds digit of 735?
7
What is the tens digit of 3336?
3
What is the units digit of 744?
4
What is the ten thousands digit of 21873?
2
What is the hundreds digit of 3806?
8
What is the hundreds digit of 792?
7
What is the units digit of 35602?
2
What is the hundreds digit of 2494?
4
What is the ten thousands digit of 21836?
2
What is the units digit of 14609?
9
What is the units digit of 1426?
6
What is the hundreds digit of 710?
7
What is the units digit of 633?
3
What is the units digit of 10511?
1
What is the ten thousands digit of 155009?
5
What is the units digit of 4655?
5
What is the hundreds digit of 1815?
8
What is the thousands digit of 2037?
2
What is the thousands digit of 84878?
4
What is the tens digit of 6883?
8
What is the units digit of 4422?
2
What is the units digit of 14679?
9
What is the thousands digit of 2843?
2
What is the units digit of 647?
7
What is the thousands digit of 1766?
1
What is the units digit of 18978?
8
What is the hundred thousands digit of 182511?
1
What is the ten thousands digit of 98211?
9
What is the units digit of 73917?
7
What is the thousands digit of 8037?
8
What is the thousands digit of 25318?
5
What is the tens digit of 1280?
8
What is the units digit of 911?
1
What is the ten thousands digit of 23032?
2
What is the tens digit of 1007?
0
What is the thousands digit of 8763?
8
What is the tens digit of 7079?
7
What is the hundreds digit of 2061?
0
What is the hundreds digit of 2724?
7
What is the units digit of 31785?
5
What is the ten thousands digit of 75815?
7
What is the tens digit of 3494?
9
What is the tens digit of 65405?
0
What is the hundreds digit of 517?
5
What is the thousands digit of 182408?
2
What is the hundreds digit of 249?
2
What is the tens digit of 12748?
4
What is the tens digit of 96348?
4
What is the tens digit of 4395?
9
What is the units digit of 10813?
3
What is the thousands digit of 2244?
2
What is the tens digit of 29?
2
What is the thousands digit of 3462?
3
What is the tens digit of 44974